
Suppose 0 = -4*k + 3*k. Suppose 4*y + k + 16 = 0, -b - 2*y - 8 = 0. Suppose b = 12*r - 2*r - 21290. Is r composite?
False
Let g(p) = 85731*p**3 - 5*p**2 + 12*p - 5. Is g(1) a prime number?
True
Suppose -55*v = -50*v - 91540. Suppose -v - 9471 = -x. Is x composite?
False
Suppose 0 = 4*y - m + 621, 4*m + 624 = -3*y + 144. Let i be y/7 + (-8)/(-28). Is (-7014)/i - 28/(-154) composite?
True
Suppose d = -2*r - 3, -5*r - 10 = -0*r + 2*d. Let c be r/(28/(-91)) - (-1 + 2). Suppose -c*u + 275 = -7*u. Is u a prime number?
False
Let h(x) be the first derivative of 44*x**3/3 - 24*x**2 - 31*x + 62. Is h(11) prime?
False
Let c(d) = d**2 + 6*d - 38. Let u be c(-10). Suppose 13 = u*h - 271. Suppose 551 = 4*b + 5*r, 3*b - 2*b = 3*r + h. Is b a composite number?
False
Suppose 5*i + 2*t = 523, -213 = -2*i + 8*t - 5*t. Suppose i*q - 813 = 104*q - 4*a, 0 = 3*q - 3*a - 2379. Is q a prime number?
True
Let f = -366 - -89. Let x = f + 2372. Suppose -2*d = 0, 4*h + 4*d = -h + x. Is h a composite number?
False
Suppose 402 = -18*o - 282. Is 5 + 873/(-171) + (-336000)/o prime?
False
Suppose 287 = 7*p - 175. Let j = p + -59. Suppose -1090 = -j*g + 2*g. Is g prime?
False
Let u(z) be the third derivative of z**5/60 + 7*z**4/12 + 7*z**3/6 - 3*z**2. Suppose 2*k = 4*j + 96 - 110, 5*k + j = -79. Is u(k) prime?
False
Suppose 58 = -4*x - 118. Let g = -42 - x. Suppose -4*q - 2*b + 496 = -g*q, q - 238 = -3*b. Is q a composite number?
True
Suppose 5 - 61 = -7*l. Suppose l*c = c + 7217. Is c a prime number?
True
Suppose -3*n + 48 = -3. Let j be n + (30/20)/((-2)/4). Suppose -17*b = -j*b - 933. Is b prime?
True
Let a = 5611 + -2153. Let d = 1979 + a. Is d a prime number?
True
Let w(l) = 179*l + 40. Let t be (-2)/6 + 8*(-33)/(-36). Is w(t) composite?
True
Suppose 4*y + 2440597 = -25*y + 82*y. Is y a composite number?
False
Suppose -43*i - 4*i = -1032919. Is i composite?
False
Let p(u) = -u**2 - 4*u + 1. Let q be p(-3). Suppose 12*a = -a + 46085. Suppose n - 3*g - 698 = -0*g, -a = -5*n + q*g. Is n a composite number?
True
Is (4/18)/(((-104)/(-7371117))/4) prime?
False
Suppose -13 + 4 = 3*a, 4*z - 2335248 = 4*a. Is z/115 + (16/10)/4 prime?
True
Let h(w) = 76*w**2 + 3*w - 27. Let u be h(-7). Suppose 66616 = 12*q + u. Is q composite?
True
Let n = -76 - -81. Suppose -3*j = 2*z - 22, -5*z + 6 = -3*j - 7. Suppose -m + 250 = c - 853, n*m - j*c - 5515 = 0. Is m a composite number?
False
Let r = 151351 + 143536. Is r a composite number?
False
Let m(r) = -523380*r + 187. Is m(-2) composite?
True
Let p = 623 - 123. Suppose -2*f - 1444 = -3*j, p = j + 3*f + f. Suppose -q = -v + 4*v - j, -v = 3*q - 1492. Is q prime?
True
Let f(n) = -25*n - 9. Let z be f(1). Let w = -29 - z. Suppose 1611 = w*i - 4*y, 995 = 5*i + 4*y - 624. Is i a composite number?
True
Let p(a) = -11539*a + 5080. Is p(-33) prime?
False
Let o(c) = 200*c**2 + 48*c + 2003. Is o(-41) composite?
True
Let f be ((-2)/(2 + 0))/((-1)/124). Is 5/4 + 415121/f composite?
True
Let m = 73 - 199. Let t = m + 128. Suppose -38 - 8 = -t*r - 4*d, 38 = 2*r - 4*d. Is r prime?
False
Is 1*(0 + 5)*13594*3/30 prime?
False
Suppose -s - y + 23216 = 0, 5*s - 160502 + 44380 = y. Is s prime?
False
Suppose m = 5*s + 85546, 2*s - 87111 = -5*m + 340646. Suppose -a + m = 2*a - 4*v, -v = -5*a + 142568. Is a prime?
True
Let s(w) = -7*w - 13*w + 163 - 52. Is s(-19) a prime number?
True
Suppose 12*f + 16545 = 1380429. Is f a prime number?
True
Suppose -7*u = -3*u - 12. Let o be (3 + 0)*(-1)/u. Let f(n) = 1559*n**2 - 2*n - 2. Is f(o) prime?
True
Let l = 38972 - -5927. Is l prime?
False
Let a = -2 - -8. Suppose 40*x - 1045592 = -165232. Suppose -a*z + x = 7*z. Is z prime?
True
Let g(a) = 716*a + 31. Let q be g(12). Suppose 5*z + q = -7262. Let d = z + 4688. Is d prime?
True
Suppose -3*f + 18874 + 31401 = -g, f - g - 16755 = 0. Let h = -10055 + f. Suppose -3*m + 0*m + 2*o + h = 0, 2*m - 5*o - 4459 = 0. Is m a prime number?
True
Let z = 47528 + 87. Suppose 5*p + 47630 = 5*n, -12*n - z = -17*n + 2*p. Is n composite?
False
Suppose -36*c + 5*c + 2983723 = -2*c. Is c a composite number?
True
Let f(y) = -7*y**3 + 68*y**2 - 74*y - 67. Is f(-36) a composite number?
False
Let d(t) = 70*t + 1189. Is d(25) composite?
False
Let b = 5811 - -56462. Is b a prime number?
True
Let f = 27443 - 52596. Let w = 38310 + f. Is w composite?
True
Let h = -5729 - -9752. Suppose 5*p = -3*z + 13229, -3*p = 3*z - h - 3912. Is p composite?
False
Is 1064/(-126) + 4/9 + 19939 prime?
False
Suppose 339564 = -42*a + 15*a + 2297118. Is a composite?
True
Suppose -34*s - 2473127 + 12520810 = -195395. Is s prime?
True
Let n(d) = -d**2 - 10*d. Let v be n(-10). Suppose v = -y - 3*l - 10, 5*l + 23 = y + 1. Is 330 + y + -1*(-3)/(-3) a prime number?
True
Let u = -141164 - -296311. Is u a composite number?
True
Let p = 45837 + -15748. Is p a composite number?
False
Let j(s) = 119*s**2 + 7*s - 1. Let b(l) = -8*l**2 + 12*l - 11. Let n(c) = -c**2 - 1. Let z(i) = b(i) - 6*n(i). Let o be z(6). Is j(o) a prime number?
True
Suppose 129976 + 1323986 = 21*q - 447525. Is q a prime number?
True
Suppose -2*j = -14*j + 36. Suppose 0 = -3*l - l + z + 4415, -5*z - 15 = 0. Suppose 2*a - l = -3*b + 3610, 3*b = j*a - 7092. Is a prime?
False
Let v be -10 + 4 + (-430)/(-5). Is 2/16 - (6 - 202150/v) prime?
True
Let z(b) = 98*b**2 - 86*b - 29. Is z(-23) a composite number?
False
Let h(l) = 203*l**2 - 29*l + 4. Is h(-7) a prime number?
False
Let v = -8 + 38. Suppose 25*z + 10 = v*z. Suppose z*h - t = 192 + 91, 0 = -3*h + t + 422. Is h prime?
True
Suppose -112 = -9*u - 19390. Let j = u + 4276. Suppose 3*x = -j + 7537. Is x composite?
False
Let k(b) = -b**2 - 17*b - 25. Let h be k(-15). Suppose 3*c = -h*w + 14, -2*c - 3*w - w = -12. Is c + 0 + 0 + 1393 prime?
False
Suppose 0 = 4*m - 25 + 9. Suppose v + 5*y = -1 - 14, 5*v + m*y = -54. Is (-1574)/v + 12/(-30) composite?
False
Suppose -1935254 = -2*z - 5*u, 19*z - 4838135 = 14*z - u. Is z composite?
False
Suppose -6*u + 396034 = -210380. Is u a composite number?
True
Let o(n) = 574*n + 213. Let g be o(15). Suppose 2*a + g = 55325. Is a prime?
True
Let o(g) = 33297*g**2 + 229*g - 465. Is o(2) a composite number?
True
Let n(c) = -5*c - 35. Let l be n(-8). Suppose 5*a = -3*v + 267, v + l*a = 3*a + 88. Suppose v = -3*p + 493. Is p a composite number?
True
Let i = -2 - -1. Let b(p) be the third derivative of -73*p**6/60 - p**5/20 - p**4/12 - 668*p**2 + 2*p. Is b(i) a prime number?
False
Let u = 312206 - 174363. Is u composite?
True
Suppose 500098 = 167*m - 359451. Is m a composite number?
False
Suppose -2*r - 11*r = 3*r. Suppose 0 = 4*x, r = -2*p - 2*x - 3*x + 8682. Is p composite?
True
Is 2*(-2)/6*(1661166/(-36) - -8) a composite number?
False
Let j = -20 + 16. Let c be (j/(-16) - -1)*-1*-124. Suppose 0 = -w + 4, v + w - c = 3*w. Is v a prime number?
True
Suppose 11*o = -8 - 69. Let a(g) = -6*g**2 - 3*g + 3. Let i be a(3). Let p = o - i. Is p a prime number?
True
Let s(b) = b**2 - 20*b + 53. Let a be s(17). Suppose -3*o - 8649 = -4*k - 4*o, a*o = -k + 2171. Is k a composite number?
False
Let b = 246141 + 1149632. Is b a prime number?
True
Let y(b) = -204905*b + 406. Is y(-1) composite?
True
Suppose -3*h = -3*b - 141123, 16*h - 13*h - 141123 = 2*b. Is h a prime number?
True
Suppose 0 = v + 4*i - 12, -v - 6*i = -i - 10. Let h be (12/v*-2)/(8/(-20)). Is 1368 - h/(2 - -1) a prime number?
True
Let q = 2440 + 19. Is q a composite number?
False
Suppose 2*f - 8 = 4*b, 2*f + 2*b - 5 + 3 = 0. Suppose -2702 = -4*q + f*d, -665 = -q + 3*d + d. Let o = q - 186. Is o prime?
True
Let o(l) be the second derivative of 4*l**4/3 - 5*l**3/3 - 5*l**2 - 277*l. Is o(-6) prime?
False
Let k(f) = f**3 + 16*f**2 - 25*f + 13. Let x(g) = g**2 + 126 - 276 + 119 - 15*g. Let o be x(16). Is k(o) a prime number?
True
Let r(p) = 708*p - 65. Let n(x) = x**3 + 9*x**2 + 12*x - 10. Let g be n(-7). Is r(g) a prime number?
True
Let w = 27 + -11. Let q(u) = -u**3 + 18*u**2 - 2*u + 6. Let s be q(w). Let f = s + -105. Is f prime?
False
Let u = 47 - 41. Suppose -u*b = -b - 10. Is b + -1 + -3 + 1 - -1638 a prime number?
True
Suppose 2*i - 1743747 + 712198 = i. Is i prime?
True
Let h be (-8 + 11)*((-11593)/3)/(-1). Suppose 2*i - 16120 = -2*x, -4*i - 2*x = -20641 - h. Is i composite?
True
Suppose 311*g + 127745427 = 854307670. Is g a composit